{"id":428,"date":"2022-11-11T19:55:49","date_gmt":"2022-11-11T18:55:49","guid":{"rendered":"https:\/\/pozzdrowie.pl\/?page_id=428"},"modified":"2022-11-12T19:32:36","modified_gmt":"2022-11-12T18:32:36","slug":"inspektor-ochrony-danych","status":"publish","type":"page","link":"https:\/\/pozzdrowie.pl\/?page_id=428","title":{"rendered":"Inspektor Ochrony Danych"},"content":{"rendered":"\t\t<div data-elementor-type=\"wp-page\" data-elementor-id=\"428\" class=\"elementor elementor-428\">\n\t\t\t\t\t\t<section class=\"elementor-section elementor-top-section elementor-element elementor-element-e76eece elementor-section-boxed elementor-section-height-default elementor-section-height-default\" data-id=\"e76eece\" data-element_type=\"section\">\n\t\t\t\t\t\t<div class=\"elementor-container elementor-column-gap-default\">\n\t\t\t\t\t<div class=\"elementor-column elementor-col-100 elementor-top-column elementor-element elementor-element-2c33989\" data-id=\"2c33989\" data-element_type=\"column\">\n\t\t\t<div class=\"elementor-widget-wrap elementor-element-populated\">\n\t\t\t\t\t\t<div class=\"elementor-element elementor-element-e76ec16 elementor-widget elementor-widget-text-editor\" data-id=\"e76ec16\" data-element_type=\"widget\" data-widget_type=\"text-editor.default\">\n\t\t\t\t<div class=\"elementor-widget-container\">\n\t\t\t\t\t\t\t\t\t<p>Realizuj\u0105c wytyczne RODO (Rozporz\u0105dzenie Parlamentu Europejskiego i Rady (UE) 2016\/679 z dnia 27 kwietnia 2016r. w sprawie ochrony os\u00f3b fizycznych w zwi\u0105zku z przetwarzaniem danych osobowych i w sprawie swobodnego przep\u0142ywu takich danych oraz uchylenia dyrektywy 95\/46\/WE wyznaczyli\u015bmy Inspektora Ochrony Danych, kt\u00f3rym jest Tatiana Monterian.<\/p><p>Jest to osoba, z kt\u00f3r\u0105 mo\u017cna si\u0119 kontaktowa\u0107 we wszystkich sprawach zwi\u0105zanych z przetwarzaniem przez Przychodni\u0119 Pani\/Pana danych osobowych, realizacj\u0105 Pani\/Pana praw wynikaj\u0105cych z RODO.<\/p><p>Dane kontaktowe do Inspektora Ochrony Danych:<\/p><p><strong>Inspektor Ochrony Danych Tatiana Monterian<\/strong><br \/>Niepubliczny Zak\u0142ad Opieki Zdrowotnej \u201eZdrowie\u201d<br \/>ul. Dworcowa 20,<br \/>63-940 Bojanowo<\/p><p>mail: <a href=\"mailto:iod@pozzdrowie.pl\">iod@pozzdrowie.pl<\/a><br \/>telefon: +48 (65) 5456370\u00a0 (rejestracja)<\/p>\t\t\t\t\t\t\t\t<\/div>\n\t\t\t\t<\/div>\n\t\t\t\t\t<\/div>\n\t\t<\/div>\n\t\t\t\t\t<\/div>\n\t\t<\/section>\n\t\t\t\t<\/div>\n\t\t","protected":false},"excerpt":{"rendered":"<p>Realizuj\u0105c wytyczne RODO (Rozporz\u0105dzenie Parlamentu Europejskiego i Rady (UE) 2016\/679 z dnia 27 kwietnia 2016r. w sprawie ochrony os\u00f3b fizycznych<span class=\"more-dots\">&#8230;<\/span><\/p>\n","protected":false},"author":1,"featured_media":0,"parent":0,"menu_order":0,"comment_status":"closed","ping_status":"closed","template":"","meta":{"footnotes":""},"class_list":["post-428","page","type-page","status-publish","hentry","no-post-thumbnail"],"yoast_head":"<!-- This site is optimized with the Yoast SEO plugin v26.4 - https:\/\/yoast.com\/wordpress\/plugins\/seo\/ -->\n<title>Inspektor Ochrony Danych - POZ Zdrowie<\/title>\n<meta name=\"description\" content=\"Wyznaczyli\u015bmy Inspektora Ochrony Danych, z kt\u00f3rym mo\u017cna si\u0119 kontaktowa\u0107 we wszystkich sprawach zwi\u0105zanych z przetwarzaniem przez Przychodni\u0119 danych osobowych, realizacj\u0105 praw wynikaj\u0105cych z RODO\" \/>\n<meta name=\"robots\" content=\"index, follow, max-snippet:-1, max-image-preview:large, max-video-preview:-1\" \/>\n<link rel=\"canonical\" href=\"https:\/\/pozzdrowie.pl\/?page_id=428\" \/>\n<meta property=\"og:locale\" content=\"pl_PL\" \/>\n<meta property=\"og:type\" content=\"article\" \/>\n<meta property=\"og:title\" content=\"Inspektor Ochrony Danych - POZ Zdrowie\" \/>\n<meta property=\"og:description\" content=\"Wyznaczyli\u015bmy Inspektora Ochrony Danych, z kt\u00f3rym mo\u017cna si\u0119 kontaktowa\u0107 we wszystkich sprawach zwi\u0105zanych z przetwarzaniem przez Przychodni\u0119 danych osobowych, realizacj\u0105 praw wynikaj\u0105cych z RODO\" \/>\n<meta property=\"og:url\" content=\"https:\/\/pozzdrowie.pl\/?page_id=428\" \/>\n<meta property=\"og:site_name\" content=\"POZ Zdrowie\" \/>\n<meta property=\"article:modified_time\" content=\"2022-11-12T18:32:36+00:00\" \/>\n<meta name=\"twitter:card\" content=\"summary_large_image\" \/>\n<meta name=\"twitter:label1\" content=\"Szacowany czas czytania\" \/>\n\t<meta name=\"twitter:data1\" content=\"1 minuta\" \/>\n<script type=\"application\/ld+json\" class=\"yoast-schema-graph\">{\"@context\":\"https:\/\/schema.org\",\"@graph\":[{\"@type\":\"WebPage\",\"@id\":\"https:\/\/pozzdrowie.pl\/?page_id=428\",\"url\":\"https:\/\/pozzdrowie.pl\/?page_id=428\",\"name\":\"Inspektor Ochrony Danych - POZ Zdrowie\",\"isPartOf\":{\"@id\":\"https:\/\/pozzdrowie.pl\/#website\"},\"datePublished\":\"2022-11-11T18:55:49+00:00\",\"dateModified\":\"2022-11-12T18:32:36+00:00\",\"description\":\"Wyznaczyli\u015bmy Inspektora Ochrony Danych, z kt\u00f3rym mo\u017cna si\u0119 kontaktowa\u0107 we wszystkich sprawach zwi\u0105zanych z przetwarzaniem przez Przychodni\u0119 danych osobowych, realizacj\u0105 praw wynikaj\u0105cych z RODO\",\"breadcrumb\":{\"@id\":\"https:\/\/pozzdrowie.pl\/?page_id=428#breadcrumb\"},\"inLanguage\":\"pl-PL\",\"potentialAction\":[{\"@type\":\"ReadAction\",\"target\":[\"https:\/\/pozzdrowie.pl\/?page_id=428\"]}]},{\"@type\":\"BreadcrumbList\",\"@id\":\"https:\/\/pozzdrowie.pl\/?page_id=428#breadcrumb\",\"itemListElement\":[{\"@type\":\"ListItem\",\"position\":1,\"name\":\"Home\",\"item\":\"https:\/\/pozzdrowie.pl\/\"},{\"@type\":\"ListItem\",\"position\":2,\"name\":\"Inspektor Ochrony Danych\"}]},{\"@type\":\"WebSite\",\"@id\":\"https:\/\/pozzdrowie.pl\/#website\",\"url\":\"https:\/\/pozzdrowie.pl\/\",\"name\":\"POZ Zdrowie\",\"description\":\"Niepubliczny zak\u0142ad Opieki Zdrowotnej Zdrowie\",\"publisher\":{\"@id\":\"https:\/\/pozzdrowie.pl\/#organization\"},\"potentialAction\":[{\"@type\":\"SearchAction\",\"target\":{\"@type\":\"EntryPoint\",\"urlTemplate\":\"https:\/\/pozzdrowie.pl\/?s={search_term_string}\"},\"query-input\":{\"@type\":\"PropertyValueSpecification\",\"valueRequired\":true,\"valueName\":\"search_term_string\"}}],\"inLanguage\":\"pl-PL\"},{\"@type\":\"Organization\",\"@id\":\"https:\/\/pozzdrowie.pl\/#organization\",\"name\":\"POZ Zdrowie\",\"url\":\"https:\/\/pozzdrowie.pl\/\",\"logo\":{\"@type\":\"ImageObject\",\"inLanguage\":\"pl-PL\",\"@id\":\"https:\/\/pozzdrowie.pl\/#\/schema\/logo\/image\/\",\"url\":\"https:\/\/pozzdrowie.pl\/wp-content\/uploads\/2022\/10\/logo2.jpg\",\"contentUrl\":\"https:\/\/pozzdrowie.pl\/wp-content\/uploads\/2022\/10\/logo2.jpg\",\"width\":494,\"height\":287,\"caption\":\"POZ Zdrowie\"},\"image\":{\"@id\":\"https:\/\/pozzdrowie.pl\/#\/schema\/logo\/image\/\"}}]}<\/script>\n<!-- \/ Yoast SEO plugin. -->","yoast_head_json":{"title":"Inspektor Ochrony Danych - POZ Zdrowie","description":"Wyznaczyli\u015bmy Inspektora Ochrony Danych, z kt\u00f3rym mo\u017cna si\u0119 kontaktowa\u0107 we wszystkich sprawach zwi\u0105zanych z przetwarzaniem przez Przychodni\u0119 danych osobowych, realizacj\u0105 praw wynikaj\u0105cych z RODO","robots":{"index":"index","follow":"follow","max-snippet":"max-snippet:-1","max-image-preview":"max-image-preview:large","max-video-preview":"max-video-preview:-1"},"canonical":"https:\/\/pozzdrowie.pl\/?page_id=428","og_locale":"pl_PL","og_type":"article","og_title":"Inspektor Ochrony Danych - POZ Zdrowie","og_description":"Wyznaczyli\u015bmy Inspektora Ochrony Danych, z kt\u00f3rym mo\u017cna si\u0119 kontaktowa\u0107 we wszystkich sprawach zwi\u0105zanych z przetwarzaniem przez Przychodni\u0119 danych osobowych, realizacj\u0105 praw wynikaj\u0105cych z RODO","og_url":"https:\/\/pozzdrowie.pl\/?page_id=428","og_site_name":"POZ Zdrowie","article_modified_time":"2022-11-12T18:32:36+00:00","twitter_card":"summary_large_image","twitter_misc":{"Szacowany czas czytania":"1 minuta"},"schema":{"@context":"https:\/\/schema.org","@graph":[{"@type":"WebPage","@id":"https:\/\/pozzdrowie.pl\/?page_id=428","url":"https:\/\/pozzdrowie.pl\/?page_id=428","name":"Inspektor Ochrony Danych - POZ Zdrowie","isPartOf":{"@id":"https:\/\/pozzdrowie.pl\/#website"},"datePublished":"2022-11-11T18:55:49+00:00","dateModified":"2022-11-12T18:32:36+00:00","description":"Wyznaczyli\u015bmy Inspektora Ochrony Danych, z kt\u00f3rym mo\u017cna si\u0119 kontaktowa\u0107 we wszystkich sprawach zwi\u0105zanych z przetwarzaniem przez Przychodni\u0119 danych osobowych, realizacj\u0105 praw wynikaj\u0105cych z RODO","breadcrumb":{"@id":"https:\/\/pozzdrowie.pl\/?page_id=428#breadcrumb"},"inLanguage":"pl-PL","potentialAction":[{"@type":"ReadAction","target":["https:\/\/pozzdrowie.pl\/?page_id=428"]}]},{"@type":"BreadcrumbList","@id":"https:\/\/pozzdrowie.pl\/?page_id=428#breadcrumb","itemListElement":[{"@type":"ListItem","position":1,"name":"Home","item":"https:\/\/pozzdrowie.pl\/"},{"@type":"ListItem","position":2,"name":"Inspektor Ochrony Danych"}]},{"@type":"WebSite","@id":"https:\/\/pozzdrowie.pl\/#website","url":"https:\/\/pozzdrowie.pl\/","name":"POZ Zdrowie","description":"Niepubliczny zak\u0142ad Opieki Zdrowotnej Zdrowie","publisher":{"@id":"https:\/\/pozzdrowie.pl\/#organization"},"potentialAction":[{"@type":"SearchAction","target":{"@type":"EntryPoint","urlTemplate":"https:\/\/pozzdrowie.pl\/?s={search_term_string}"},"query-input":{"@type":"PropertyValueSpecification","valueRequired":true,"valueName":"search_term_string"}}],"inLanguage":"pl-PL"},{"@type":"Organization","@id":"https:\/\/pozzdrowie.pl\/#organization","name":"POZ Zdrowie","url":"https:\/\/pozzdrowie.pl\/","logo":{"@type":"ImageObject","inLanguage":"pl-PL","@id":"https:\/\/pozzdrowie.pl\/#\/schema\/logo\/image\/","url":"https:\/\/pozzdrowie.pl\/wp-content\/uploads\/2022\/10\/logo2.jpg","contentUrl":"https:\/\/pozzdrowie.pl\/wp-content\/uploads\/2022\/10\/logo2.jpg","width":494,"height":287,"caption":"POZ Zdrowie"},"image":{"@id":"https:\/\/pozzdrowie.pl\/#\/schema\/logo\/image\/"}}]}},"_links":{"self":[{"href":"https:\/\/pozzdrowie.pl\/index.php?rest_route=\/wp\/v2\/pages\/428","targetHints":{"allow":["GET"]}}],"collection":[{"href":"https:\/\/pozzdrowie.pl\/index.php?rest_route=\/wp\/v2\/pages"}],"about":[{"href":"https:\/\/pozzdrowie.pl\/index.php?rest_route=\/wp\/v2\/types\/page"}],"author":[{"embeddable":true,"href":"https:\/\/pozzdrowie.pl\/index.php?rest_route=\/wp\/v2\/users\/1"}],"replies":[{"embeddable":true,"href":"https:\/\/pozzdrowie.pl\/index.php?rest_route=%2Fwp%2Fv2%2Fcomments&post=428"}],"version-history":[{"count":14,"href":"https:\/\/pozzdrowie.pl\/index.php?rest_route=\/wp\/v2\/pages\/428\/revisions"}],"predecessor-version":[{"id":665,"href":"https:\/\/pozzdrowie.pl\/index.php?rest_route=\/wp\/v2\/pages\/428\/revisions\/665"}],"wp:attachment":[{"href":"https:\/\/pozzdrowie.pl\/index.php?rest_route=%2Fwp%2Fv2%2Fmedia&parent=428"}],"curies":[{"name":"wp","href":"https:\/\/api.w.org\/{rel}","templated":true}]}}